{"id":133,"date":"2023-05-25T21:43:16","date_gmt":"2023-05-25T20:43:16","guid":{"rendered":"https:\/\/liandevakantiehuis.nl\/?page_id=133"},"modified":"2024-03-10T23:44:35","modified_gmt":"2024-03-10T22:44:35","slug":"chalet-de-evelien","status":"publish","type":"page","link":"https:\/\/liandevakantiehuis.nl\/index.php\/chalet-de-evelien\/","title":{"rendered":"Chalet &#8220;de Evelien&#8221; Kieftveen 18 171"},"content":{"rendered":"\n<hr class=\"wp-block-separator has-alpha-channel-opacity\"\/>\n\n\n\n<p>Chalet &#8220;de Evelien&#8221; is een vredige accommodatie, gelegen op recreatiepark &#8220;de IJsvogel&#8221; in Voorthuizen. Lekker genieten aan een bosrand op de Veluwe!<\/p>\n\n\n\n<p>Deze chalet is een geschikt onderkomen voor maximaal 4 personen. Ideaal om met het hele gezin even heerlijk tot rust te komen.<\/p>\n\n\n\n<p>Chalet \u201cde Evelien\u201d is een keurig ingericht chalet, grenzend aan de parkeerplaats voor dit gedeelte van het recreatiepark.<\/p>\n\n\n\n<p><strong>De indeling is als volgt:<\/strong><\/p>\n\n\n\n<p>Open keuken, voorzien van een koelkast met vriesvak, een magnetron en een gaskookplaat. Verder ontbreken ook een koffiezetapparaat, een water koker, en een theepot niet. Evenals overig serviesgoed en bestek.<\/p>\n\n\n\n<p>In de woonkamer bevindt zich een schuifpui naar het terrasje en de tuin met gras. Verder is de chalet voorzien van verwarming en airco.<\/p>\n\n\n\n<p>Er zijn twee slaapkamers waarvan \u00e9\u00e9n met 2 los van elkaar staande eenpersoonsbedden en \u00e9\u00e9n met tegen elkaar geplaatste eenpersoonsbedden met voor iedere slaapplaats een eigen dekbed.<\/p>\n\n\n\n<p>De badkamer is voorzien van toilet, douche, wastafel en toiletpapier.<\/p>\n\n\n\n<p><strong>Parkeren en overige faciliteiten:<\/strong><\/p>\n\n\n\n<p>Het parkeerterrein voor uw auto is vlak bij het chalet.<\/p>\n\n\n\n<p>Verder kunt u gebruik maken van de diverse faciliteiten op het park zoals; binnen- en buitenzwembad, speeltuin, bowling (kosten niet inbegrepen), wasmachine en droger (kosten niet inbegrepen).<\/p>\n\n\n\n<p><strong>Prijsinformatie:<\/strong><\/p>\n\n\n\n<p>De huurprijs per week is \u20ac 650,- (maximaal 4 personen).<\/p>\n\n\n\n<p>Verplichtte kosten van \u20ac 75,- voor eindschoonmaak + beddengoed (maximaal 4 personen).<\/p>\n\n\n\n<p>Borg voor standaard huurperiode \u20ac 150,-.<\/p>\n\n\n\n<p>Toeristenbelasting niet inbegrepen (prijs 2024 \u20ac 1,50 p.p.p.n.).<\/p>\n\n\n\n<p><strong>Overige informatie:<\/strong><\/p>\n\n\n\n<p>Roken binnen en buiten de Chalet is verboden. Huisdieren niet toegestaan.<\/p>\n\n\n\n<p>U dient zelf (bad)handdoeken, washanden, spons en douchegel e.d. mee te nemen. Een theedoek, handzeep, afwasmiddel en afwasborstel zijn wel aanwezig.<\/p>\n\n\n\n<p>Interesse of vragen? Stuur een e-mail naar: chaletdeevelien@gmail.com.<\/p>\n","protected":false},"excerpt":{"rendered":"<p>Chalet &#8220;de Evelien&#8221; is een vredige accommodatie, gelegen op recreatiepark &#8220;de IJsvogel&#8221; in Voorthuizen. Lekker genieten aan een bosrand op de Veluwe! Deze chalet is een geschikt onderkomen voor maximaal 4 personen. Ideaal om met het hele gezin even heerlijk tot rust te komen. Chalet \u201cde Evelien\u201d is een keurig ingericht chalet, grenzend aan de [&hellip;]<\/p>\n","protected":false},"author":1,"featured_media":0,"parent":0,"menu_order":0,"comment_status":"closed","ping_status":"closed","template":"","meta":{"_monsterinsights_skip_tracking":false,"_monsterinsights_sitenote_active":false,"_monsterinsights_sitenote_note":"","_monsterinsights_sitenote_category":0,"footnotes":""},"class_list":["post-133","page","type-page","status-publish","hentry"],"yoast_head":"<!-- This site is optimized with the Yoast SEO plugin v27.3 - https:\/\/yoast.com\/product\/yoast-seo-wordpress\/ -->\n<title>Chalet &quot;de Evelien&quot; Kieftveen 18 171 - Chalet in de veluwe-Chalet de Evelien - comfortable chalet with airconditioning for a cool relaxing stay<\/title>\n<meta name=\"description\" content=\"Chalet &quot;de Evelien&quot; is een gezellige accommodatie, gelegen aan een bosrand in Voorthuizen op de Veluwe. Kom even lekker ontspannen met het hele gezin.\" \/>\n<meta name=\"robots\" content=\"index, follow, max-snippet:-1, max-image-preview:large, max-video-preview:-1\" \/>\n<link rel=\"canonical\" href=\"https:\/\/liandevakantiehuis.nl\/index.php\/chalet-de-evelien\/\" \/>\n<meta property=\"og:locale\" content=\"en_US\" \/>\n<meta property=\"og:type\" content=\"article\" \/>\n<meta property=\"og:title\" content=\"Chalet &quot;de Evelien&quot; Kieftveen 18 171 - Chalet in de veluwe-Chalet de Evelien - comfortable chalet with airconditioning for a cool relaxing stay\" \/>\n<meta property=\"og:description\" content=\"Chalet &quot;de Evelien&quot; is een gezellige accommodatie, gelegen aan een bosrand in Voorthuizen op de Veluwe. Kom even lekker ontspannen met het hele gezin.\" \/>\n<meta property=\"og:url\" content=\"https:\/\/liandevakantiehuis.nl\/index.php\/chalet-de-evelien\/\" \/>\n<meta property=\"og:site_name\" content=\"Chalet in de veluwe-Chalet de Evelien - comfortable chalet with airconditioning for a cool relaxing stay\" \/>\n<meta property=\"article:modified_time\" content=\"2024-03-10T22:44:35+00:00\" \/>\n<meta name=\"twitter:card\" content=\"summary_large_image\" \/>\n<meta name=\"twitter:label1\" content=\"Est. reading time\" \/>\n\t<meta name=\"twitter:data1\" content=\"2 minutes\" \/>\n<script type=\"application\/ld+json\" class=\"yoast-schema-graph\">{\"@context\":\"https:\\\/\\\/schema.org\",\"@graph\":[{\"@type\":\"WebPage\",\"@id\":\"https:\\\/\\\/liandevakantiehuis.nl\\\/index.php\\\/chalet-de-evelien\\\/\",\"url\":\"https:\\\/\\\/liandevakantiehuis.nl\\\/index.php\\\/chalet-de-evelien\\\/\",\"name\":\"Chalet \\\"de Evelien\\\" Kieftveen 18 171 - Chalet in de veluwe-Chalet de Evelien - comfortable chalet with airconditioning for a cool relaxing stay\",\"isPartOf\":{\"@id\":\"https:\\\/\\\/liandevakantiehuis.nl\\\/#website\"},\"datePublished\":\"2023-05-25T20:43:16+00:00\",\"dateModified\":\"2024-03-10T22:44:35+00:00\",\"description\":\"Chalet \\\"de Evelien\\\" is een gezellige accommodatie, gelegen aan een bosrand in Voorthuizen op de Veluwe. Kom even lekker ontspannen met het hele gezin.\",\"breadcrumb\":{\"@id\":\"https:\\\/\\\/liandevakantiehuis.nl\\\/index.php\\\/chalet-de-evelien\\\/#breadcrumb\"},\"inLanguage\":\"en-US\",\"potentialAction\":[{\"@type\":\"ReadAction\",\"target\":[\"https:\\\/\\\/liandevakantiehuis.nl\\\/index.php\\\/chalet-de-evelien\\\/\"]}]},{\"@type\":\"BreadcrumbList\",\"@id\":\"https:\\\/\\\/liandevakantiehuis.nl\\\/index.php\\\/chalet-de-evelien\\\/#breadcrumb\",\"itemListElement\":[{\"@type\":\"ListItem\",\"position\":1,\"name\":\"Home\",\"item\":\"https:\\\/\\\/liandevakantiehuis.nl\\\/\"},{\"@type\":\"ListItem\",\"position\":2,\"name\":\"Chalet &#8220;de Evelien&#8221; Kieftveen 18 171\"}]},{\"@type\":\"WebSite\",\"@id\":\"https:\\\/\\\/liandevakantiehuis.nl\\\/#website\",\"url\":\"https:\\\/\\\/liandevakantiehuis.nl\\\/\",\"name\":\"Chalet in de veluwe-Chalet de Evelien - comfortable chalet with airconditioning for a cool relaxing stay\",\"description\":\"Even lekker weg en ontspannen in de natuur\",\"potentialAction\":[{\"@type\":\"SearchAction\",\"target\":{\"@type\":\"EntryPoint\",\"urlTemplate\":\"https:\\\/\\\/liandevakantiehuis.nl\\\/?s={search_term_string}\"},\"query-input\":{\"@type\":\"PropertyValueSpecification\",\"valueRequired\":true,\"valueName\":\"search_term_string\"}}],\"inLanguage\":\"en-US\"}]}<\/script>\n<!-- \/ Yoast SEO plugin. -->","yoast_head_json":{"title":"Chalet \"de Evelien\" Kieftveen 18 171 - Chalet in de veluwe-Chalet de Evelien - comfortable chalet with airconditioning for a cool relaxing stay","description":"Chalet \"de Evelien\" is een gezellige accommodatie, gelegen aan een bosrand in Voorthuizen op de Veluwe. Kom even lekker ontspannen met het hele gezin.","robots":{"index":"index","follow":"follow","max-snippet":"max-snippet:-1","max-image-preview":"max-image-preview:large","max-video-preview":"max-video-preview:-1"},"canonical":"https:\/\/liandevakantiehuis.nl\/index.php\/chalet-de-evelien\/","og_locale":"en_US","og_type":"article","og_title":"Chalet \"de Evelien\" Kieftveen 18 171 - Chalet in de veluwe-Chalet de Evelien - comfortable chalet with airconditioning for a cool relaxing stay","og_description":"Chalet \"de Evelien\" is een gezellige accommodatie, gelegen aan een bosrand in Voorthuizen op de Veluwe. Kom even lekker ontspannen met het hele gezin.","og_url":"https:\/\/liandevakantiehuis.nl\/index.php\/chalet-de-evelien\/","og_site_name":"Chalet in de veluwe-Chalet de Evelien - comfortable chalet with airconditioning for a cool relaxing stay","article_modified_time":"2024-03-10T22:44:35+00:00","twitter_card":"summary_large_image","twitter_misc":{"Est. reading time":"2 minutes"},"schema":{"@context":"https:\/\/schema.org","@graph":[{"@type":"WebPage","@id":"https:\/\/liandevakantiehuis.nl\/index.php\/chalet-de-evelien\/","url":"https:\/\/liandevakantiehuis.nl\/index.php\/chalet-de-evelien\/","name":"Chalet \"de Evelien\" Kieftveen 18 171 - Chalet in de veluwe-Chalet de Evelien - comfortable chalet with airconditioning for a cool relaxing stay","isPartOf":{"@id":"https:\/\/liandevakantiehuis.nl\/#website"},"datePublished":"2023-05-25T20:43:16+00:00","dateModified":"2024-03-10T22:44:35+00:00","description":"Chalet \"de Evelien\" is een gezellige accommodatie, gelegen aan een bosrand in Voorthuizen op de Veluwe. Kom even lekker ontspannen met het hele gezin.","breadcrumb":{"@id":"https:\/\/liandevakantiehuis.nl\/index.php\/chalet-de-evelien\/#breadcrumb"},"inLanguage":"en-US","potentialAction":[{"@type":"ReadAction","target":["https:\/\/liandevakantiehuis.nl\/index.php\/chalet-de-evelien\/"]}]},{"@type":"BreadcrumbList","@id":"https:\/\/liandevakantiehuis.nl\/index.php\/chalet-de-evelien\/#breadcrumb","itemListElement":[{"@type":"ListItem","position":1,"name":"Home","item":"https:\/\/liandevakantiehuis.nl\/"},{"@type":"ListItem","position":2,"name":"Chalet &#8220;de Evelien&#8221; Kieftveen 18 171"}]},{"@type":"WebSite","@id":"https:\/\/liandevakantiehuis.nl\/#website","url":"https:\/\/liandevakantiehuis.nl\/","name":"Chalet in de veluwe-Chalet de Evelien - comfortable chalet with airconditioning for a cool relaxing stay","description":"Even lekker weg en ontspannen in de natuur","potentialAction":[{"@type":"SearchAction","target":{"@type":"EntryPoint","urlTemplate":"https:\/\/liandevakantiehuis.nl\/?s={search_term_string}"},"query-input":{"@type":"PropertyValueSpecification","valueRequired":true,"valueName":"search_term_string"}}],"inLanguage":"en-US"}]}},"_links":{"self":[{"href":"https:\/\/liandevakantiehuis.nl\/index.php\/wp-json\/wp\/v2\/pages\/133","targetHints":{"allow":["GET"]}}],"collection":[{"href":"https:\/\/liandevakantiehuis.nl\/index.php\/wp-json\/wp\/v2\/pages"}],"about":[{"href":"https:\/\/liandevakantiehuis.nl\/index.php\/wp-json\/wp\/v2\/types\/page"}],"author":[{"embeddable":true,"href":"https:\/\/liandevakantiehuis.nl\/index.php\/wp-json\/wp\/v2\/users\/1"}],"replies":[{"embeddable":true,"href":"https:\/\/liandevakantiehuis.nl\/index.php\/wp-json\/wp\/v2\/comments?post=133"}],"version-history":[{"count":4,"href":"https:\/\/liandevakantiehuis.nl\/index.php\/wp-json\/wp\/v2\/pages\/133\/revisions"}],"predecessor-version":[{"id":144,"href":"https:\/\/liandevakantiehuis.nl\/index.php\/wp-json\/wp\/v2\/pages\/133\/revisions\/144"}],"wp:attachment":[{"href":"https:\/\/liandevakantiehuis.nl\/index.php\/wp-json\/wp\/v2\/media?parent=133"}],"curies":[{"name":"wp","href":"https:\/\/api.w.org\/{rel}","templated":true}]}}